vided by 211.
209
Calculate the remainder when 1269734 is divided by 423240.
14
Calculate the remainder when 57762 is divided by 133.
40
Calculate the remainder when 3404303 is divided by 72.
71
Calculate the remainder when 124051 is divided by 136.
19
What is the remainder when 29985 is divided by 1815?
945
Calculate the remainder when 55944 is divided by 259.
0
Calculate the remainder when 15825 is divided by 1055.
0
Calculate the remainder when 11627 is divided by 3693.
548
What is the remainder when 9976 is divided by 531?
418
Calculate the remainder when 2509 is divided by 731.
316
What is the remainder when 162649 is divided by 1578?
115
Calculate the remainder when 1095443 is divided by 670.
663
Calculate the remainder when 53052 is divided by 21.
6
What is the remainder when 5736 is divided by 2124?
1488
Calculate the remainder when 42052 is divided by 54.
40
What is the remainder when 15955 is divided by 150?
55
What is the remainder when 26068 is divided by 2563?
438
Calculate the remainder when 3786 is divided by 236.
10
Calculate the remainder when 698 is divided by 203.
89
Calculate the remainder when 1084974 is divided by 166.
164
Calculate the remainder when 22596 is divided by 20.
16
Calculate the remainder when 4397 is divided by 37.
31
What is the remainder when 2614 is divided by 284?
58
Calculate the remainder when 2918 is divided by 832.
422
Calculate the remainder when 10062 is divided by 502.
22
What is the remainder when 1608 is divided by 49?
40
What is the remainder when 4756 is divided by 867?
421
Calculate the remainder when 41239 is divided by 25.
14
What is the remainder when 2129147 is divided by 439?
436
Calculate the remainder when 83077 is divided by 30.
7
What is the remainder when 3831902 is divided by 9?
8
What is the remainder when 19426 is divided by 134?
130
Calculate the remainder when 4562 is divided by 903.
47
What is the remainder when 36249 is divided by 394?
1
What is the remainder when 253452 is divided by 511?
507
What is the remainder when 23272 is divided by 35?
32
What is the remainder when 10489 is divided by 403?
11
Calculate the remainder when 964 is divided by 319.
7
What is the remainder when 87877 is divided by 55?
42
Calculate the remainder when 129976 is divided by 670.
666
What is the remainder when 32060 is divided by 247?
197
What is the remainder when 27647 is divided by 412?
43
What is the remainder when 4289 is divided by 4245?
44
Calculate the remainder when 2962 is divided by 1479.
4
Calculate the remainder when 549 is divided by 102.
39
Calculate the remainder when 290139 is divided by 81.
78
Calculate the remainder when 25492 is divided by 20.
12
Calculate the remainder when 9874 is divided by 57.
13
What is the remainder when 286274 is divided by 161?
16
What is the remainder when 2712 is divided by 692?
636
Calculate the remainder when 63963 is divided by 11.
9
What is the remainder when 3360 is divided by 837?
12
Calculate the remainder when 14684 is divided by 699.
5
What is the remainder when 34763 is divided by 17381?
1
What is the remainder when 11705 is divided by 183?
176
Calculate the remainder when 2113880 is divided by 148.
144
What is the remainder when 63823 is divided by 233?
214
What is the remainder when 33474 is divided by 16718?
38
What is the remainder when 6540 is divided by 187?
182
Calculate the remainder when 3433 is divided by 89.
51
What is the remainder when 5656 is divided by 1724?
484
Calculate the remainder when 4039 is divided by 614.
355
Calculate the remainder when 29467 is divided by 7344.
91
Calculate the remainder when 3018 is divided by 337.
322
Calculate the remainder when 329243 is divided by 54873.
5
What is the remainder when 38471 is divided by 260?
251
What is the remainder when 26162 is divided by 1?
0
Calculate the remainder when 2498 is divided by 413.
20
What is the remainder when 37904 is divided by 234?
230
What is the remainder when 21631 is divided by 2695?
71
Calculate the remainder when 5930 is divided by 78.
2
What is the remainder when 27402 is divided by 168?
18
What is the remainder when 199 is divided by 197?
2
Calculate the remainder when 232107 is divided by 228.
3
What is the remainder when 581232 is divided by 23?
22
What is the remainder when 1742 is divided by 216?
14
What is the remainder when 18174 is divided by 889?
394
Calculate the remainder when 4295 is divided by 9.
2
Calculate the remainder when 3063 is divided by 161.
4
Calculate the remainder when 10642 is divided by 8.
2
What is the remainder when 328373 is divided by 842?
835
What is the remainder when 1139 is divided by 447?
245
What is the remainder when 75285 is divided by 150?
135
What is the remainder when 965887 is divided by 88?
87
Calculate the remainder when 1493694 is divided by 71.
67
Calculate the remainder when 1769 is divided by 702.
365
Calculate the remainder when 24036 is divided by 3433.
5
Calculate the remainder when 506 is divided by 189.
128
What is the remainder when 619367 is divided by 60?
47
Calculate the remainder when 586985 is divided by 195651.
32
Calculate the remainder when 5847 is divided by 6.
3
Calculate the remainder when 52960 is divided by 2521.
19
What is the remainder when 14036 is divided by 1275?
11
What is the remainder when 384643 is divided by 124?
119
Calculate the remainder when 2131 is divided by 1758.
373
What is the remainder when 88091 is divided by 178?
159
What is the remainder when 26348 is divided by 12694?
960
Calculate the remainder when 22453 is divided by 357.
319
What is the remainder when 1091715 is divided by 138?
135
Calculate the remainder when 281470 is divided by 675.
670
Calculate the remainder when 8584 is divided by 1953.
772
Calculate the remainder when 50857 is divided by 2116.
73
Calculate the remainder when 2904 is divided by 961.
21
What is the remainder when 16656 is divided by 396?
24
Calculate the remainder when 35879 is divided by 12.
11
What is the remainder when 137063 is divided by 38?
35
Calculate the remainder when 799 is divided by 380.
39
Calculate the remainder when 81915 is divided by 37.
34
What is the remainder when 35456 is divided by 2363?
11
Calculate the remainder when 43854 is divided by 14569.
147
Calculate the remainder when 2724 is divided by 362.
190
Calculate the remainder when 1111 is divided by 93.
88
Calculate the remainder when 5450 is divided by 170.
10
Calculate the remainder when 2380366 is divided by 11.
10
What is the remainder when 412 is divided by 234?
178
What is the remainder when 54469 is divided by 664?
21
What is the remainder when 5556 is divided by 658?
292
What is the remainder when 83689 is divided by 6973?
13
What is the remainder when 122006 is divided by 40649?
59
What is the remainder when 20539 is divided by 182?
155
What is the remainder when 1324066 is divided by 110?
106
What is the remainder when 1243636 is divided by 30?
16
Calculate the remainder when 799 is divided by 203.
190
Calculate the remainder when 2379 is divided by 358.
231
Calculate the remainder when 3714 is divided by 926.
10
Calculate the remainder when 2919 is divided by 2912.
7
Calculate the remainder when 1106 is divided by 908.
198
What is the remainder when 8809 is divided by 69?
46
Calculate the remainder when 19894 is divided by 9938.
18
What is the remainder when 3435 is divided by 110?
25
What is the remainder when 1613 is divided by 49?
45
What is the remainder when 199077 is divided by 126?
123
What is the remainder when 1816098 is divided by 635?
633
Calculate the remainder when 25030 is divided by 5004.
10
What is the remainder when 52737 is divided by 1318?
17
Calculate the remainder when 301824 is divided by 150907.
10
What is the remainder when 35703 is divided by 35662?
41
Calculate the remainder when 1931223 is divided by 33.
30
What is the remainder when 544081 is divided by 543?
538
What is the remainder when 1685 is divided by 549?
38
What is the remainder when 10304 is divided by 5143?
18
What is the remainder when 264855 is divided by 243?
228
Calculate the remainder when 367 is divided by 222.
145
Calculate the remainder when 22702 is divided by 4.
2
Calculate the remainder when 23864 is divided by 771.
734
What is the remainder wh